{"id":2,"date":"2009-10-04T10:58:50","date_gmt":"2009-10-04T08:58:50","guid":{"rendered":"http:\/\/www.borattupplysning.se\/wordpress\/?page_id=2"},"modified":"2012-02-29T18:00:59","modified_gmt":"2012-02-29T17:00:59","slug":"borattupplysning-skane","status":"publish","type":"page","link":"http:\/\/www.borattupplysning.se\/wp_brskola\/borattupplysning-skane\/","title":{"rendered":"Om Bor\u00e4ttUpplysning Sk\u00e5ne"},"content":{"rendered":"<p style=\"text-align: left;\">Bor\u00e4ttUpplysning Sk\u00e5ne \u00e4r ett f\u00f6retag som bedriver upplysning och utbildning kring bostadsr\u00e4ttsfr\u00e5gor.<\/p>\n<p style=\"text-align: left;\">Genom v\u00e5r <em><strong>Bor\u00e4ttupplysning<\/strong><\/em>\u00a0\u00a0f\u00e5r\u00a0k\u00f6pare\u00a0 konkreta r\u00e5d till bra\u00a0bostadsr\u00e4ttsk\u00f6p.<\/p>\n<p style=\"text-align: left;\">Bostadsr\u00e4ttsf\u00f6reningars styrelse\u00a0kan f\u00e5 kvalificerad hj\u00e4lp\u00a0av olika slag<em><strong>\u00a0<\/strong><\/em>.<\/p>\n<p style=\"text-align: left;\">Vi driver dessutom\u00a0 <strong><em>Bor\u00e4tt-k\u00f6parskolan<\/em><\/strong>\u00a0 och \u00a0<strong><em>Styrelsetips.<\/em><\/strong><\/p>\n<p style=\"text-align: left;\"><a href=\"http:\/\/borattupplysning.se\">www.borattupplysning.se<\/a><\/p>\n","protected":false},"excerpt":{"rendered":"<p>Bor\u00e4ttUpplysning Sk\u00e5ne \u00e4r ett f\u00f6retag som bedriver upplysning och utbildning kring bostadsr\u00e4ttsfr\u00e5gor. Genom v\u00e5r Bor\u00e4ttupplysning\u00a0\u00a0f\u00e5r\u00a0k\u00f6pare\u00a0 konkreta r\u00e5d till bra\u00a0bostadsr\u00e4ttsk\u00f6p. Bostadsr\u00e4ttsf\u00f6reningars styrelse\u00a0kan f\u00e5 kvalificerad hj\u00e4lp\u00a0av olika slag\u00a0. Vi driver dessutom\u00a0 Bor\u00e4tt-k\u00f6parskolan\u00a0 och \u00a0Styrelsetips. www.borattupplysning.se<\/p>\n","protected":false},"author":1,"featured_media":0,"parent":0,"menu_order":100,"comment_status":"closed","ping_status":"closed","template":"","meta":[],"_links":{"self":[{"href":"http:\/\/www.borattupplysning.se\/wp_brskola\/wp-json\/wp\/v2\/pages\/2"}],"collection":[{"href":"http:\/\/www.borattupplysning.se\/wp_brskola\/wp-json\/wp\/v2\/pages"}],"about":[{"href":"http:\/\/www.borattupplysning.se\/wp_brskola\/wp-json\/wp\/v2\/types\/page"}],"author":[{"embeddable":true,"href":"http:\/\/www.borattupplysning.se\/wp_brskola\/wp-json\/wp\/v2\/users\/1"}],"replies":[{"embeddable":true,"href":"http:\/\/www.borattupplysning.se\/wp_brskola\/wp-json\/wp\/v2\/comments?post=2"}],"version-history":[{"count":55,"href":"http:\/\/www.borattupplysning.se\/wp_brskola\/wp-json\/wp\/v2\/pages\/2\/revisions"}],"predecessor-version":[{"id":2270,"href":"http:\/\/www.borattupplysning.se\/wp_brskola\/wp-json\/wp\/v2\/pages\/2\/revisions\/2270"}],"wp:attachment":[{"href":"http:\/\/www.borattupplysning.se\/wp_brskola\/wp-json\/wp\/v2\/media?parent=2"}],"curies":[{"name":"wp","href":"https:\/\/api.w.org\/{rel}","templated":true}]}}