{"id":2,"date":"2009-06-11T10:58:50","date_gmt":"2009-06-11T08:58:50","guid":{"rendered":"http:\/\/www.borattupplysning.se\/wp_sttips\/?page_id=2"},"modified":"2012-03-01T17:36:16","modified_gmt":"2012-03-01T16:36:16","slug":"om-borattupplysning-skane","status":"publish","type":"page","link":"http:\/\/www.borattupplysning.se\/wp_sttips\/om-borattupplysning-skane\/","title":{"rendered":"Om Bor\u00e4ttUpplysning Sk\u00e5ne"},"content":{"rendered":"<p style=\"text-align: left;\">Bor\u00e4ttUpplysning Sk\u00e5ne \u00e4r ett f\u00f6retag som bedriver upplysning och utbildning kring bostadsr\u00e4ttsfr\u00e5gor. F\u00f6r\u00a0bostadsr\u00e4ttsf\u00f6reningar erbjuder vi\u00a0r\u00e5dgivning av olika slag.\u00a0 Till\u00a0bostadsr\u00e4ttsk\u00f6pare ger vi konkreta k\u00f6pr\u00e5d genom v\u00e5ra betygs-listor och v\u00e5r\u00a0tj\u00e4nst <em><strong>Bor\u00e4ttupplysning<\/strong><\/em>.<\/p>\n<p>Vi driver ocks\u00e5\u00a0 <strong><em>Bor\u00e4tt-k\u00f6parskolan<\/em><\/strong>\u00a0 och \u00a0<strong><em>Styrelsetips. <\/em><\/strong><\/p>\n<p><a href=\"http:\/\/www.borattupplysning.se\">www.borattupplysning.se<\/a><\/p>\n","protected":false},"excerpt":{"rendered":"<p>Bor\u00e4ttUpplysning Sk\u00e5ne \u00e4r ett f\u00f6retag som bedriver upplysning och utbildning kring bostadsr\u00e4ttsfr\u00e5gor. F\u00f6r\u00a0bostadsr\u00e4ttsf\u00f6reningar erbjuder vi\u00a0r\u00e5dgivning av olika slag.\u00a0 Till\u00a0bostadsr\u00e4ttsk\u00f6pare ger vi konkreta k\u00f6pr\u00e5d genom v\u00e5ra betygs-listor och v\u00e5r\u00a0tj\u00e4nst Bor\u00e4ttupplysning. Vi driver ocks\u00e5\u00a0 Bor\u00e4tt-k\u00f6parskolan\u00a0 och \u00a0Styrelsetips. www.borattupplysning.se<\/p>\n","protected":false},"author":1,"featured_media":0,"parent":0,"menu_order":100,"comment_status":"closed","ping_status":"closed","template":"","meta":[],"_links":{"self":[{"href":"http:\/\/www.borattupplysning.se\/wp_sttips\/wp-json\/wp\/v2\/pages\/2"}],"collection":[{"href":"http:\/\/www.borattupplysning.se\/wp_sttips\/wp-json\/wp\/v2\/pages"}],"about":[{"href":"http:\/\/www.borattupplysning.se\/wp_sttips\/wp-json\/wp\/v2\/types\/page"}],"author":[{"embeddable":true,"href":"http:\/\/www.borattupplysning.se\/wp_sttips\/wp-json\/wp\/v2\/users\/1"}],"replies":[{"embeddable":true,"href":"http:\/\/www.borattupplysning.se\/wp_sttips\/wp-json\/wp\/v2\/comments?post=2"}],"version-history":[{"count":28,"href":"http:\/\/www.borattupplysning.se\/wp_sttips\/wp-json\/wp\/v2\/pages\/2\/revisions"}],"predecessor-version":[{"id":778,"href":"http:\/\/www.borattupplysning.se\/wp_sttips\/wp-json\/wp\/v2\/pages\/2\/revisions\/778"}],"wp:attachment":[{"href":"http:\/\/www.borattupplysning.se\/wp_sttips\/wp-json\/wp\/v2\/media?parent=2"}],"curies":[{"name":"wp","href":"https:\/\/api.w.org\/{rel}","templated":true}]}}